9501539?
1
What is the millions digit of 382981476?
2
What is the ten millions digit of 264812663?
6
What is the hundred millions digit of 5111971485?
1
What is the tens digit of 6154819440?
4
What is the tens digit of 318834427?
2
What is the ten thousands digit of 219351562?
5
What is the hundred thousands digit of 796744484?
7
What is the hundreds digit of 1801387294?
2
What is the thousands digit of 64548639?
8
What is the hundred thousands digit of 261990353?
9
What is the units digit of 2941337518?
8
What is the millions digit of 101702269?
1
What is the ten thousands digit of 105644049?
4
What is the tens digit of 189623708?
0
What is the ten thousands digit of 6057547758?
4
What is the thousands digit of 326205690?
5
What is the units digit of 3170609031?
1
What is the hundred thousands digit of 1202351185?
3
What is the hundred thousands digit of 45400886?
4
What is the tens digit of 85899929?
2
What is the hundred millions digit of 586717608?
5
What is the ten thousands digit of 689463346?
6
What is the billions digit of 1523306427?
1
What is the tens digit of 287401788?
8
What is the thousands digit of 1479309811?
9
What is the ten millions digit of 4156019347?
5
What is the units digit of 2391919990?
0
What is the tens digit of 514540575?
7
What is the millions digit of 92872674?
2
What is the ten thousands digit of 997136614?
3
What is the thousands digit of 198570108?
0
What is the ten millions digit of 573474635?
7
What is the hundreds digit of 51778309?
3
What is the ten millions digit of 1002388709?
0
What is the hundred millions digit of 1869290952?
8
What is the hundreds digit of 78517677?
6
What is the hundred millions digit of 949441541?
9
What is the ten millions digit of 44982736?
4
What is the ten millions digit of 39229061?
3
What is the ten thousands digit of 1090499?
9
What is the ten millions digit of 40534882?
4
What is the ten thousands digit of 667476115?
7
What is the hundreds digit of 44884798?
7
What is the ten millions digit of 167876813?
6
What is the hundreds digit of 3749101747?
7
What is the hundred thousands digit of 2597684138?
6
What is the millions digit of 16466819?
6
What is the thousands digit of 87403535?
3
What is the hundred millions digit of 906798467?
9
What is the millions digit of 845136895?
5
What is the hundred thousands digit of 15708928?
7
What is the millions digit of 8599967382?
9
What is the ten thousands digit of 552260811?
6
What is the hundreds digit of 64761335?
3
What is the hundred thousands digit of 903550500?
5
What is the units digit of 185739732?
2
What is the units digit of 5159852?
2
What is the hundreds digit of 182676450?
4
What is the tens digit of 1534168580?
8
What is the ten thousands digit of 184618850?
1
What is the hundred thousands digit of 948125230?
1
What is the units digit of 497725780?
0
What is the thousands digit of 2013073673?
3
What is the tens digit of 476040581?
8
What is the hundred thousands digit of 1358722984?
7
What is the millions digit of 27879744?
7
What is the ten thousands digit of 137588795?
8
What is the hundred millions digit of 800064418?
8
What is the hundred thousands digit of 35818427?
8
What is the ten thousands digit of 616905832?
0
What is the units digit of 74945900?
0
What is the hundreds digit of 83602627?
6
What is the ten millions digit of 277895443?
7
What is the ten thousands digit of 63204638?
0
What is the hundred thousands digit of 2668778027?
7
What is the tens digit of 1160679871?
7
What is the hundred thousands digit of 2727543743?
5
What is the tens digit of 143375052?
5
What is the ten millions digit of 106579967?
0
What is the hundred millions digit of 926717857?
9
What is the units digit of 14960508?
8
What is the billions digit of 3136278948?
3
What is the hundreds digit of 676097041?
0
What is the thousands digit of 1534792342?
2
What is the hundred millions digit of 184649272?
1
What is the hundred thousands digit of 1109243?
1
What is the tens digit of 2879358411?
1
What is the ten millions digit of 204897215?
0
What is the units digit of 389136778?
8
What is the units digit of 1711939998?
8
What is the hundred thousands digit of 470569963?
5
What is the ten millions digit of 2497599409?
9
What is the ten millions digit of 1185066490?
8
What is the millions digit of 412137169?
2
What is the hundreds digit of 173094509?
5
What is the thousands digit of 25902868?
2
What is the thousands digit of 81790183?
0
What is the units digit of 92342537?
7
What is the ten millions digit of 10415926?
1
What is the hundred thousands digit of 4946853?
9
What is the ten thousands digit of 726107163?
0
What is the hundreds digit of 223648019?
0
What is the thousands digit of 710362600?
2
What is the tens digit of 132232180?
8
What is the units digit of 31018912?
2
What is the billions digit of 2195644239?
2
What is the hundred millions digit of 178388957?
1
What is the hundreds digit of 4447666810?
8
What is the thousands digit of 1840291252?
1
What is the hundred millions digit of 2013679491?
0
What is the millions digit of 5454669012?
4
What is the units digit of 443761076?
6
What is the hundreds digit of 989539679?
6
What is the units digit of 330712890?
0
What is the thousands digit of 551657036?
7
What is the tens digit of 899954482?
8
What is the thousands digit of 141989875?
9
What is the hundreds digit of 1839625760?
7
What is the ten millions digit of 1570485736?
7
What is the millions digit of 367311818?
7
What is the units digit of 3574093?
3
What is the hundreds digit of 387844186?
1
What is the millions digit of 467481435?
7
What is the ten thousands digit of 58109411?
0
What is the tens digit of 237692080?
8
What is the hundred millions digit of 931887739?
9
What is the thousands digit of 127048546?
8
What is the units digit of 117450422?
2
What is the thousands digit of 42469281?
9
What is the ten millions digit of 3110792185?
1
What is the millions digit of 178643371?
8
What is the hundred millions digit of 1267606757?
2
What is the thousands digit of 98680675?
0
What is the ten millions digit of 533127057?
3
What is the hundreds digit of 16385988?
9
What is the hundreds digit of 973882456?
4
What is the tens digit of 67512723?
2
What is the ten millions digit of 2285459956?
8
What is the ten millions digit of 25169249?
2
What is the hundreds digit of 128809916?
9
What is the millions digit of 422290861?
2
What is the thousands digit of 78474471?
4
What is the millions digit of 2828595301?
8
What is the tens digit of 700371810?
1
What is the millions digit of 37239775?
7
What is the tens digit of 15641006?
0
What is the hundred millions digit of 920537735?
9
What is the tens digit of 1005900295?
9
What is the hundreds digit of 92252258?
2
What is the ten thousands digit of 92686475?
8
What is the ten millions digit of 2648608430?
4
What is the hundred thousands digit of 6800258325?
2
What is the ten millions digit of 35461693?
3
What is the ten millions digit of 121329875?
2
What is the hundreds digit of 5010378172?
1
What is the ten thousands digit of 428352768?
5
What is the units digit of 195384513?
3
What is the hundred thousands digit of 66890164?
8
What is the hundreds digit of 237175794?
7
What is the millions digit of 41447831?
1
What is the ten thousands digit of 327823359?
2
What is the hundreds digit of 11683598?
5
What is the hundreds digit of 206200389?
3
What is the hundred thousands digit of 51800434?
8
What is the hundred millions digit of 2534695709?
5
What is the hundred thousands digit of 964180094?
1
What is the thousands digit of 1418667682?
7
What is the millions digit of 113790266?
3
What is the units digit of 1599093890?
0
What is the millions digit of 611490804?
1
What is the hundreds digit of 604460482?
4
What is the thousands digit of 1040390754?
0
What is the millions digit of 152240738?
2
What is the units digit of 249662086?
6
What is the ten thousands digit of 36881051?
8
What is the ten millions digit of 583602763?
8
What is the ten millions digit of 5389317325?
8
What is the millions digit of 5681358210?
1
What is the hundreds digit of 225358078?
0
What is the thousands digit of 1073468016?
8
What is the hundred millions digit of 227764759?
2
What is the tens digit of 41518695